c**2 - 2*c - 6. Suppose -9 = -4*q - 1. Suppose l + 33 = i, 5*l + 2*i - 7 = -165. Let u be q/8 - (-136)/l. What is m(u)?
2
Let s(d) = -d - 3 + 0 + 0 - 3. Let y be s(-9). Let r(f) be the first derivative of -f**2/2 + f + 15. Calculate r(y).
-2
Let o(d) = d**3 - d**2 + d + 1. Let k(p) = 3*p**3 - 3*p**2 + 2*p + 3. Let s(j) = -k(j) + 2*o(j). Let m = -1287 + 1288. Give s(m).
-1
Let j(b) be the second derivative of b**4/12 + 5*b**2/2 + 4*b - 1. Give j(0).
5
Let k(u) = u**3 - 7*u**2 - 7*u - 5. Let h(z) = -z**3 + 12*z**2 - 11*z + 8. Let x be h(11). Determine k(x).
3
Let n be (-20)/8*84/35. Let a(w) = -w**2 - 7*w + 9. Give a(n).
15
Let i(a) = -a**3 - 7*a**2 + 9*a + 2. Let m(v) = v**3 + 7*v**2 + 2*v - 8. Let g be m(0). Determine i(g).
-6
Let b(l) be the second derivative of -l**3/2 - 4*l**2 + 220*l. Calculate b(-11).
25
Let c(w) = 5 - 3 - 4*w**2 - 2 + 5*w + 3 - w**3. Suppose -90 = -7*y + 12*y. Let b = 13 + y. Give c(b).
3
Let a(o) = o + 3*o**2 + 7*o**3 + 0 + 0*o - 2 - 4*o**2 - 6*o**3. Let t be 0/(1/(2/(-4))). Let z = t - -2. Give a(z).
4
Let j(x) = 1 - x + 8 + 3 + 0 + 2. Calculate j(8).
6
Let u(y) = y**3 - 6*y**2 + 6*y - 4. Let n be u(4). Let s = 6 + n. Let c(i) = -2*i + 8 - i**2 - 2 - 2*i. Determine c(s).
-6
Suppose 5*w = 49 + 1. Suppose -2*s - w = -7*s. Let t(u) = -u**2. Determine t(s).
-4
Suppose 0 = i - 35*u + 31*u - 9, 0 = -3*i + 4*u + 27. Let f(s) = -s**2 + 9*s + 5. Give f(i).
5
Let b(y) be the second derivative of -y**4/4 - y**3/6 + y**2 + y. Let n = -5639 + 5641. What is b(n)?
-12
Let h(x) be the first derivative of 7*x**2/2 + 4*x + 139. What is h(-1)?
-3
Let i(b) = b**2 - 4*b - 7. Suppose s + 5 = 9. Suppose -36 = -s*n - 4*a, -3*a + 2 = -2*n + 5. Calculate i(n).
5
Suppose 4*s = s. Let h(r) = 0*r + s*r**2 + r + 13*r**3 + 2*r**2. Let y = -123 - -122. Calculate h(y).
-12
Let v be (-189)/(-84)*16/(-6). Let m(n) = 2*n + 3. Determine m(v).
-9
Let m(i) be the second derivative of -i**4/12 + 2*i**3/3 + 7*i**2/2 - 82*i. What is m(6)?
-5
Let j(p) = 2*p + 14. Let z be j(-6). Let x(n) be the second derivative of n**4/12 + n**2/2 - 13*n - 2. Give x(z).
5
Let u(y) = 6*y - y**2 - 11*y**2 + 3*y**2 + 1 - y**3 + 5*y**2. Let q = -11 - -20. Let d = q - 14. Give u(d).
-4
Let i(f) = -f**2 - 9*f - 9. Let a(t) = -52*t - 425. Let l be a(-8). Calculate i(l).
-9
Let s be 231/22*12/14. Suppose -s = -20*g + 17*g. Let o(u) = u**2 - u. Give o(g).
6
Let q(m) = -m**2 + 3*m + 2. Suppose 3*p + 2*v - 47 = 0, -p - 28 = -3*p - 2*v. Let a = 21 - p. Suppose 1 + 9 = a*k. What is q(k)?
-8
Let n(k) = -k**2 - 8*k - 5. Let m be n(-7). Let p(i) = -m*i + 1 + i - 4*i**2 - 6*i**3 + 7*i**3 + 0. Give p(3).
-11
Let b(l) = -5*l - 4. Suppose 2*y - 9 = 5*y. What is b(y)?
11
Let g be 3/(-21) - 68/14. Let k(v) = -3*v**3 + 10*v**2 - 3*v. Let d(c) = 4*c**3 - 11*c**2 + 4*c - 1. Let s(a) = 4*d(a) + 5*k(a). Give s(g).
16
Let g(r) = r**2 + r - 2. Suppose 0 = -3*d - 34 + 4. Let x = 7 + d. Calculate g(x).
4
Suppose -4*c - 10 = -3*c. Let b = 14 + c. Let j(n) = 2*n**2 - 15*n + 10. Let x(a) = a**2 - 7*a + 5. Let w(h) = 3*j(h) - 7*x(h). Give w(b).
-5
Let d(y) = 4*y + 1. Suppose 5*m - 22 = 8. Let q be 9 - (m + (-2)/1). Suppose 2*i + r = -2*r - q, -2*r = -2*i. Give d(i).
-3
Let n(h) = 2*h**3 + 13*h**2 - 6*h - 11. Let o(i) = -5*i**3 - 26*i**2 + 12*i + 23. Let t(v) = -9*n(v) - 4*o(v). Calculate t(6).
7
Suppose 5*b + o - 19 = 19, 0 = -2*b - o + 17. Let c(i) = i - 2. Let j(d) = -2*d + 4. Let a(k) = -13*c(k) - 6*j(k). Determine a(b).
-5
Let c(f) = 5*f**2 - 7*f**2 - 3 - 4 - f**3 - 6*f**2 + 0*f**3. Calculate c(-8).
-7
Let i(y) be the first derivative of y**7/840 - y**6/360 - y**5/60 - y**4/8 - 3*y**3 + 10. Let g(w) be the third derivative of i(w). What is g(3)?
9
Let w(g) = -g**3 - 8*g**2 + 7*g - 9. Let b be w(-9). Let i(f) = -3 + b*f - 2 - 10*f. Let c = -2 + 2. Calculate i(c).
-5
Let s(n) = n**2 - 5*n + 2. Let y(m) = -m - 4. Let j be y(-4). Suppose j = 2*f - 3 - 7. What is s(f)?
2
Let p(q) = 6*q**2 - q. Let m(t) = t**2 - 3*t**2 - 5*t - 1 + t**3 + 6*t. Let g be m(2). What is p(g)?
5
Let c(i) = 2*i. Suppose -5*a - 8 = -4*q, 2*a + 2*q - 6 = -2. What is c(a)?
0
Let l(s) = -s**2 - s. Suppose 9*v - 4*v = -30. Suppose -1 - 5 = -2*c - 2*y, 0 = -4*c + 3*y + 40. Let m = v + c. Determine l(m).
-2
Let r(i) be the third derivative of -i**6/360 + i**5/24 + 7*i**4/24 + 13*i**3/6 - 21*i**2. Let f(n) be the first derivative of r(n). Calculate f(6).
1
Let f(h) = -5*h**3 + 5*h**2 - 17*h + 25. Let s = 11 + -15. Let q(t) = -3*t**3 + 2*t**2 - 9*t + 13. Let o(m) = s*f(m) + 7*q(m). What is o(-7)?
5
Let g(v) be the second derivative of -v**6/120 + 7*v**5/60 - 7*v**4/24 - 2*v**3/3 + 33*v**2/2 - 32*v. Let x(b) be the first derivative of g(b). Give x(6).
-10
Let c be -8*(-3)/24 + 2. Let q(a) = 4*a - 2. Let v(x) = 2*x - 3 + 3*x + 1. Let m(k) = c*v(k) - 4*q(k). Give m(-4).
6
Suppose -27 = -3*i - 12. Suppose i*w - o + 2 + 13 = 0, 2*w = 3*o - 6. Let g(p) = -p - 2. Let y(s) = -s - 1. Let x(a) = -5*g(a) + 7*y(a). Calculate x(w).
9
Let d be 52 + -28 + (0 - 3)*-1. Let g be ((-2)/(-1))/((-9)/d). Let w(p) = -p**2 - 6*p. Determine w(g).
0
Let s be ((-17)/5 - -3)*25. Let q be (6/5)/(2/s). Let m(w) be the first derivative of w**2/2 + 5*w + 6. Give m(q).
-1
Let g be (2/4)/(5/20). Suppose 18 = -2*y + g*w - 3*w, -3*y = w + 26. Let p(m) = m + 2. Calculate p(y).
-6
Let r(a) = a**2 - 7*a - 19. Let y(g) = g**3 + 18*g**2 - 114*g + 32. Let t be y(-23). Give r(t).
-1
Let g(h) = 61*h + 45. Let n(v) = 11*v + 9. Let k(u) = -2*g(u) + 11*n(u). What is k(2)?
7
Let w(g) = -2*g**2 + g + 3. Let a(d) = -d**2 - 33*d + 331. Let x be a(-41). Calculate w(x).
-12
Let f(g) = -g**3 - 8*g**2 - 2*g - 11. Let h(j) = -j**2 - 2*j - 1. Let d(l) = f(l) - 3*h(l). Let a = -2 - -3. Let q be (-17)/3 + a/(-3). What is d(q)?
4
Suppose 5 = -n + 3. Let c(b) = b**2 + b. Suppose -4 = -g - 3*g. Let y(l) = l**3 + 4*l**2 + 3*l. Let w(v) = g*y(v) - 3*c(v). Calculate w(n).
-4
Let u(k) = 2*k**3 - 21*k**2 - 18*k - 10. Let z(l) = -3*l**3 + 41*l**2 + 36*l + 18. Let c(v) = 5*u(v) + 3*z(v). Determine c(-17).
-13
Let g(c) = c**3 - 5*c**2 - 5*c - 1. Let z(y) = 2*y**3 - 6*y**2 - 6*y - 1. Let v(a) = 3*g(a) - 2*z(a). Let l(w) = 8*w + 29. Let m be l(-4). What is v(m)?
8
Let h(k) = k**3 - 7*k**2 + 6*k - 2. Let p be (1 - 7/4)*-8. Let m be p/(-2) - (-5 - -9). Let c be (-9)/(((-21)/(-2))/m). What is h(c)?
-2
Let t(p) = p**2 - 5*p - 5. Let x be t(6). Let u(b) be the third derivative of 0 - 11*b**2 + 0*b**4 + 0*b + 0*b**3 - 1/10*b**5. Give u(x).
-6
Let b(q) be the third derivative of 0 + 1/2*q**3 + 5*q**2 + 1/30*q**5 + 0*q + 1/24*q**4. Give b(3).
24
Let u(l) = -27 + 25 + 3*l - 11*l. What is u(-4)?
30
Let p(m) be the second derivative of -m**5/20 + 5*m**4/12 + m**3 - m**2 - 641*m. Let g(h) = -h - 5. Let t be g(-11). Give p(t).
-2
Let l(n) = -n**2 - 14*n - 18. Suppose a - 14 + 27 = 0. Give l(a).
-5
Let b(k) = 2 + k**2 - 4*k + 7 - 2*k**2 - 3. Determine b(-7).
-15
Let y(h) = h + 5. Let v be (-57)/9 + 4/(-6). Let u(w) = -4*w - 23. Let b be u(v). Suppose -b*t + 30 = a + a, -a = t - 9. Give y(a).
10
Let n(q) = -12*q + 39. Let f(z) = z - 3. Let h be (4/12)/(3/(-18)). Let s(r) = h*n(r) - 27*f(r). What is s(4)?
-9
Let d(z) = -6 + 7 - 8 - 2*z - 1. Calculate d(-6).
4
Let g(d) be the second derivative of -7*d**5/120 + 11*d**3/2 - 6*d. Let s(l) be the second derivative of g(l). Calculate s(-1).
7
Let a(v) = -7*v**2 + 7*v + 17. Let b(j) = 4*j**2 - 3*j - 9. Let x(h) = 3*a(h) + 5*b(h). Let l = 77 + -70. Determine x(l).
-1
Let m be (1 - -1) + (-35)/(-7). Let y = m - 5. Let q(k) = 5*k. Give q(y).
10
Suppose -46 = w - 2*j, 3*w + 5*j + 142 = 7*j. Let f = -37 - w. Let q(y) = -y + 16. What is q(f)?
5
Let k(s) = 3*s - 6 + 3*s**2 + 0*s**2 - 4*s**2. Suppose 0 = -7*y + 473 - 123. Let g = -46 + y. Give k(g).
-10
Let i(c) = c**2 - 7*c. Let y(w) = 5*w**3 - 37*w**2 + 15*w - 1. Let o be y(7). Calculate i(o).
-6
Let g(t) = t**3 + 3*t**2 + 2. Let y(b) = -b**2 - 2*b - 3. Let a = 23 - 25. Let x be y(a). Give g(x).
2
Let l(v) be the first derivative of v**5/120 - v**4/24 - v**3 + 2. Let u(q) be the third derivative of l(q). Determine u(-5).
-6
Let y(i) be the first derivative of -i**2/2 - i - 63. Determine y(-6).
5
Let u(q) = -32*q**2 + 5 + 18*q**2 + q**3 + 18*q**2 - 5*q. What is u(-5)?
5
Let d(w) = 17*w + 0 - 26*w + 11*w + 1. Determine d(4).
9
Let m(i) = -i 